{"id":5809,"date":"2025-01-16T11:17:00","date_gmt":"2025-01-16T10:17:00","guid":{"rendered":"https:\/\/www.braveberry.it\/?page_id=5809"},"modified":"2025-01-22T15:03:48","modified_gmt":"2025-01-22T14:03:48","slug":"cookie-policy","status":"publish","type":"page","link":"https:\/\/www.braveberry.it\/index.php\/cookie-policy\/","title":{"rendered":"Cookie Policy"},"content":{"rendered":"\t\t<div data-elementor-type=\"wp-page\" data-elementor-id=\"5809\" class=\"elementor elementor-5809\" data-elementor-post-type=\"page\">\n\t\t\t\t\t\t<section class=\"elementor-section elementor-top-section elementor-element elementor-element-7689b69 elementor-section-content-middle ct-section-stretched elementor-section-boxed elementor-section-height-default elementor-section-height-default\" data-id=\"7689b69\" data-element_type=\"section\" data-settings=\"{&quot;background_background&quot;:&quot;classic&quot;,&quot;shape_divider_bottom&quot;:&quot;triangle&quot;,&quot;shape_divider_bottom_negative&quot;:&quot;yes&quot;}\">\n\t\t\t\t\t\t\t<div class=\"elementor-background-overlay\"><\/div>\n\t\t\t\t\t\t<div class=\"elementor-shape elementor-shape-bottom\" data-negative=\"true\">\n\t\t\t<svg xmlns=\"http:\/\/www.w3.org\/2000\/svg\" viewBox=\"0 0 1000 100\" preserveAspectRatio=\"none\">\n\t<path class=\"elementor-shape-fill\" d=\"M500.2,94.7L0,0v100h1000V0L500.2,94.7z\"\/>\n<\/svg>\t\t<\/div>\n\t\t\t\t\t<div class=\"elementor-container elementor-column-gap-default\">\n\t\t\t\t\t<div class=\"elementor-column elementor-col-100 elementor-top-column elementor-element elementor-element-5d2b787\" data-id=\"5d2b787\" data-element_type=\"column\">\n\t\t\t<div class=\"elementor-widget-wrap elementor-element-populated\">\n\t\t\t\t\t\t<div class=\"elementor-element elementor-element-3eeb7c2 elementor-widget elementor-widget-spacer\" data-id=\"3eeb7c2\" data-element_type=\"widget\" data-widget_type=\"spacer.default\">\n\t\t\t\t<div class=\"elementor-widget-container\">\n\t\t\t<style>\/*! elementor - v3.21.0 - 26-05-2024 *\/\n.elementor-column .elementor-spacer-inner{height:var(--spacer-size)}.e-con{--container-widget-width:100%}.e-con-inner>.elementor-widget-spacer,.e-con>.elementor-widget-spacer{width:var(--container-widget-width,var(--spacer-size));--align-self:var(--container-widget-align-self,initial);--flex-shrink:0}.e-con-inner>.elementor-widget-spacer>.elementor-widget-container,.e-con>.elementor-widget-spacer>.elementor-widget-container{height:100%;width:100%}.e-con-inner>.elementor-widget-spacer>.elementor-widget-container>.elementor-spacer,.e-con>.elementor-widget-spacer>.elementor-widget-container>.elementor-spacer{height:100%}.e-con-inner>.elementor-widget-spacer>.elementor-widget-container>.elementor-spacer>.elementor-spacer-inner,.e-con>.elementor-widget-spacer>.elementor-widget-container>.elementor-spacer>.elementor-spacer-inner{height:var(--container-widget-height,var(--spacer-size))}.e-con-inner>.elementor-widget-spacer.elementor-widget-empty,.e-con>.elementor-widget-spacer.elementor-widget-empty{position:relative;min-height:22px;min-width:22px}.e-con-inner>.elementor-widget-spacer.elementor-widget-empty .elementor-widget-empty-icon,.e-con>.elementor-widget-spacer.elementor-widget-empty .elementor-widget-empty-icon{position:absolute;top:0;bottom:0;left:0;right:0;margin:auto;padding:0;width:22px;height:22px}<\/style>\t\t<div class=\"elementor-spacer\">\n\t\t\t<div class=\"elementor-spacer-inner\"><\/div>\n\t\t<\/div>\n\t\t\t\t<\/div>\n\t\t\t\t<\/div>\n\t\t\t\t<section class=\"elementor-section elementor-top-section elementor-element elementor-element-60eeb4a elementor-section-content-bottom elementor-section-boxed elementor-section-height-default elementor-section-height-default\" data-id=\"60eeb4a\" data-element_type=\"section\">\n\t\t\t\t\t\t\t<div class=\"elementor-background-overlay\"><\/div>\n\t\t\t\t\t\t\t<div class=\"elementor-container elementor-column-gap-default\">\n\t\t\t\t\t<div class=\"elementor-column elementor-col-100 elementor-top-column elementor-element elementor-element-ad50d58\" data-id=\"ad50d58\" data-element_type=\"column\" data-settings=\"{&quot;background_background&quot;:&quot;classic&quot;}\">\n\t\t\t<div class=\"elementor-widget-wrap elementor-element-populated\">\n\t\t\t\t\t<div class=\"elementor-background-overlay\"><\/div>\n\t\t\t\t\t\t<div class=\"elementor-element elementor-element-e9174e3 elementor-widget elementor-widget-spacer\" data-id=\"e9174e3\" data-element_type=\"widget\" data-widget_type=\"spacer.default\">\n\t\t\t\t<div class=\"elementor-widget-container\">\n\t\t\t\t\t<div class=\"elementor-spacer\">\n\t\t\t<div class=\"elementor-spacer-inner\"><\/div>\n\t\t<\/div>\n\t\t\t\t<\/div>\n\t\t\t\t<\/div>\n\t\t\t\t<div class=\"elementor-element elementor-element-44f3af1 animated-slow elementor-widget-mobile__width-initial elementor-invisible elementor-widget elementor-widget-heading\" data-id=\"44f3af1\" data-element_type=\"widget\" data-settings=\"{&quot;_animation&quot;:&quot;fadeInDown&quot;,&quot;_animation_delay&quot;:0}\" data-widget_type=\"heading.default\">\n\t\t\t\t<div class=\"elementor-widget-container\">\n\t\t\t<style>\/*! elementor - v3.21.0 - 26-05-2024 *\/\n.elementor-heading-title{padding:0;margin:0;line-height:1}.elementor-widget-heading .elementor-heading-title[class*=elementor-size-]>a{color:inherit;font-size:inherit;line-height:inherit}.elementor-widget-heading .elementor-heading-title.elementor-size-small{font-size:15px}.elementor-widget-heading .elementor-heading-title.elementor-size-medium{font-size:19px}.elementor-widget-heading .elementor-heading-title.elementor-size-large{font-size:29px}.elementor-widget-heading .elementor-heading-title.elementor-size-xl{font-size:39px}.elementor-widget-heading .elementor-heading-title.elementor-size-xxl{font-size:59px}<\/style><h2 class=\"elementor-heading-title elementor-size-default\">Cookie Policy<\/h2>\t\t<\/div>\n\t\t\t\t<\/div>\n\t\t\t\t\t<\/div>\n\t\t<\/div>\n\t\t\t\t\t<\/div>\n\t\t<\/section>\n\t\t\t\t<section class=\"elementor-section elementor-inner-section elementor-element elementor-element-97f11e4 elementor-section-full_width elementor-section-height-default elementor-section-height-default\" data-id=\"97f11e4\" data-element_type=\"section\" data-settings=\"{&quot;background_background&quot;:&quot;classic&quot;}\">\n\t\t\t\t\t\t<div class=\"elementor-container elementor-column-gap-no\">\n\t\t\t\t\t<div class=\"elementor-column elementor-col-100 elementor-inner-column elementor-element elementor-element-58153d4\" data-id=\"58153d4\" data-element_type=\"column\">\n\t\t\t<div class=\"elementor-widget-wrap elementor-element-populated\">\n\t\t\t\t\t\t<div class=\"elementor-element elementor-element-cddb640 elementor-widget elementor-widget-text-editor\" data-id=\"cddb640\" data-element_type=\"widget\" data-widget_type=\"text-editor.default\">\n\t\t\t\t<div class=\"elementor-widget-container\">\n\t\t\t<style>\/*! elementor - v3.21.0 - 26-05-2024 *\/\n.elementor-widget-text-editor.elementor-drop-cap-view-stacked .elementor-drop-cap{background-color:#69727d;color:#fff}.elementor-widget-text-editor.elementor-drop-cap-view-framed .elementor-drop-cap{color:#69727d;border:3px solid;background-color:transparent}.elementor-widget-text-editor:not(.elementor-drop-cap-view-default) .elementor-drop-cap{margin-top:8px}.elementor-widget-text-editor:not(.elementor-drop-cap-view-default) .elementor-drop-cap-letter{width:1em;height:1em}.elementor-widget-text-editor .elementor-drop-cap{float:left;text-align:center;line-height:1;font-size:50px}.elementor-widget-text-editor .elementor-drop-cap-letter{display:inline-block}<\/style>\t\t\t\t<div class=\"wpb_text_column wpb_content_element wpb_animate_when_almost_visible wpb_fadeIn fadeIn animated wpb_start_animation\"><div class=\"wpb_wrapper\"><p><strong>Informativa estesa<\/strong><\/p><p>Braveberry S.R.L. con sede in Via Guglielmo Saliceto 4, 00161 (Roma), in qualit\u00e0 di titolare del trattamento dei suoi dati personali (di seguito \u201cTitolare\u201d), rilascia la presente informativa nel rispetto della disciplina europea e italiana in materia di protezione dei dati personali, allo scopo di farti conoscere le finalit\u00e0 e le modalit\u00e0 del trattamento dei dati personali che potresti comunicare durante la navigazione nel presente sito web (di seguito \u201cSito\u201d).<br \/>Si precisa che la presente informativa si riferisce unicamente al Sito e non a siti web di soggetti terzi, eventualmente raggiungibili dall\u2019Utente mediante link in esso presenti.<\/p><p>Il Titolare ha nominato un responsabile della protezione dei dati (DPO), che l\u2019Interessato potr\u00e0 contattare scrivendo al seguente recapito:\u00a0<span style=\"color: #003366;\"><strong><a style=\"color: #003366;\" href=\"mailto:dpo@increso.it\">dpo@increso.it<\/a>.<\/strong><\/span> Nel corso della seguente informativa, l\u2019uso del termine cookie deve intendersi esteso anche ad eventuali strumenti di tracciamento utilizzati dal Sito.<\/p><p>La presente informativa \u00e8 parte integrante della privacy policy del Sito consultabile al link: <strong><span style=\"color: #003366;\"><a style=\"color: #003366;\" href=\"https:\/\/www.braveberry.it\/index.php\/privacy-policy\/\">https:\/\/www.braveberry.it\/index.php\/privacy-policy\/<\/a><\/span><\/strong><\/p><p><strong>Cosa sono i cookie<\/strong><br \/>Un cookie \u00e8 un file di piccole dimensioni che viene inviato al browser in uso e salvato sul tuo dispositivo quando visiti un sito internet come il presente Sito. I cookie permettono un funzionamento efficiente del Sito e ne migliorano le prestazioni, forniscono informazioni al proprietario del Sito per fini statistici o pubblicitari, principalmente per personalizzare la tua esperienza di navigazione ricordando le tue preferenze.<\/p><p>I cookie sono generalmente riconducibili a due macro categorie:<br \/>a) cookie tecnici, utilizzati al solo fine di effettuare la trasmissione di una comunicazione su una rete di comunicazione elettronica, o nella misura strettamente necessaria al fornitore di un servizio della societ\u00e0 dell\u2019informazione esplicitamente richiesto dal contraente o dall\u2019utente a erogare tale servizio; i cookie analytics, utilizzati per finalit\u00e0 statistiche, sono assimilati ai cookie tecnici laddove, al ricorrere di determinate condizioni, siano utilizzati per produrre statistiche aggregate in relazione ad un singolo sito o ad una sola applicazione mobile richiedendo, in difetto, il consenso dell\u2019utente per il relativo utilizzo;<br \/>b) cookie di profilazione, atti ad associare specifiche azioni o schemi comportamentali dell\u2019utente ricorrenti nell\u2019uso delle funzionalit\u00e0 offerte al fine di crearne uno specifico profilo da utilizzarsi per la fornitura di un servizio in modo sempre pi\u00f9 personalizzato, nonch\u00e9 per inviare messaggi pubblicitari in linea con le preferenze manifestate dall\u2019utente nell\u2019ambito della navigazione in rete.<\/p><p>Inoltre, tutti i cookie possono altres\u00ec essere catalogati come:<br \/>a) cookie di sessione, qualora vengono cancellati alla chiusura del browser di navigazione, o<br \/>b) cookie persistenti, qualora restino all\u2019interno del browser per un determinato periodo di tempo.<br \/>Finalit\u00e0 analoghe possono essere perseguite anche tramite altri strumenti di tracciamento, i quali \u2013 al pari dei cookie \u2013 possono essere suddivisi tra strumenti di natura tecnica e non tecnica (generalmente di carattere commerciale o promozionale).<\/p><p>Il Sito utilizza i cookie tecnici.<\/p><p>\u00a0<\/p><\/div><\/div><div class=\"wpb_text_column wpb_content_element wpb_animate_when_almost_visible wpb_fadeIn fadeIn animated wpb_start_animation\"><div class=\"wpb_wrapper\"><p style=\"text-align: left;\"><strong>Altri strumenti social<\/strong><\/p><p>Nel Sito sono presenti anche plug-in e bottoni social che ti consentono di raggiungere \u2013 per il tramite di un \u201cclick\u201d sull\u2019icona \u2013 i relativi social network e condividere dei contenuti o consigliare dei prodotti del Sito nei social network. I social network potrebbero raccogliere i dati relativi alla tua visita sul Sito.<\/p><h4>Natura del conferimento dei dati personali e conseguenze in caso di rifiuto<\/h4><p>I cookie tecnici usati dal Titolare sono necessari per la consultazione del Sito e dei relativi servizi e pertanto la relativa installazione ed utilizzo non necessita del tuo preventivo consenso. Puoi gestire e disattivare i cookie tecnici per il tramite delle opzioni del tuo browser indicate nella sezione seguente.<\/p><p>I cookie di profilazione sono installati ed utilizzati dal Titolare esclusivamente nel caso in cui tu abbia prestato il tuo consenso. Puoi in ogni tempo modificare le tue preferenze per il tramite delle opzioni del tuo browser indicate nella sezione seguente o direttamente tramite il pannello di gestione disponibile nella presente pagina web.<\/p><p>La disattivazione dei cookie tecnici non impedisce la tua consultazione del Sito ma potrebbe comportare il mancato funzionamento, o comunque un funzionamento non corretto, di alcune parti o servizi del Sito. Il mancato consenso per i cookie di profilazione o la relativa disattivazione non impedisce la consultazione del Sito e l\u2019accesso ai relativi servizi.<\/p><p>\u00a0<\/p><p><strong>Abilitazione e disabilitazione dei cookie dal Browser.<\/strong><\/p><p><br \/>La maggior parte dei browser \u00e8 configurata per accettare, controllare o eventualmente disabilitare i cookie attraverso le impostazioni. Ti ricordiamo tuttavia che disabilitare i cookie di navigazione o quelli funzionali pu\u00f2 causare un insoddisfacente funzionamento del sito e\/o limitare il servizio che offriamo.<\/p><p>Qui sotto il percorso da seguire per gestire i cookie dai seguenti browser:<br \/>&#8211; Microsoft Edge\/Internet Explorer:\u00a0<span style=\"color: #003366;\"><a style=\"color: #003366;\" href=\"https:\/\/support.microsoft.com\/it-it\/help\/4027947\/microsoft-edge-delete-cookies#:~:text=Visualizzare%20i%20cookie,cookie%20salvati%20nel%20tuo%20dispositivo.\">https:\/\/support.microsoft.com\/it-it\/help\/4027947\/microsoft-edge-delete-cookies#:~:text=Visualizzare%20i%20cookie,cookie%20salvati%20nel%20tuo%20dispositivo.<\/a><\/span><br \/>&#8211; Firefox:\u00a0<span style=\"color: #003366;\"><a style=\"color: #003366;\" href=\"https:\/\/support.mozilla.org\/it\/kb\/Gestione%20dei%20cookie\">https:\/\/support.mozilla.org\/it\/kb\/Gestione%20dei%20cookie<\/a><\/span><br \/>&#8211; Safari:\u00a0<span style=\"color: #003366;\"><a style=\"color: #003366;\" href=\"https:\/\/support.apple.com\/it-it\/guide\/safari\/sfri11471\/mac\">https:\/\/support.apple.com\/it-it\/guide\/safari\/sfri11471\/mac<\/a><\/span><br \/>&#8211; Chrome:\u00a0<span style=\"color: #003366;\"><a style=\"color: #003366;\" href=\"https:\/\/support.google.com\/chrome\/answer\/95647?hl=it&amp;co=GENIE.Platform=Desktop\">https:\/\/support.google.com\/chrome\/answer\/95647?hl=it&amp;amp;co=GENIE.Platform=Desktop<\/a><\/span><\/p><\/div><\/div>\t\t\t\t\t\t<\/div>\n\t\t\t\t<\/div>\n\t\t\t\t\t<\/div>\n\t\t<\/div>\n\t\t\t\t\t<\/div>\n\t\t<\/section>\n\t\t\t\t<div class=\"elementor-element elementor-element-957873c elementor-widget elementor-widget-spacer\" data-id=\"957873c\" data-element_type=\"widget\" data-widget_type=\"spacer.default\">\n\t\t\t\t<div class=\"elementor-widget-container\">\n\t\t\t\t\t<div class=\"elementor-spacer\">\n\t\t\t<div class=\"elementor-spacer-inner\"><\/div>\n\t\t<\/div>\n\t\t\t\t<\/div>\n\t\t\t\t<\/div>\n\t\t\t\t\t<\/div>\n\t\t<\/div>\n\t\t\t\t\t<\/div>\n\t\t<\/section>\n\t\t\t\t<section class=\"elementor-section elementor-top-section elementor-element elementor-element-8c351d6 elementor-section-boxed elementor-section-height-default elementor-section-height-default\" data-id=\"8c351d6\" data-element_type=\"section\">\n\t\t\t\t\t\t<div class=\"elementor-container elementor-column-gap-default\">\n\t\t\t\t\t<div class=\"elementor-column elementor-col-100 elementor-top-column elementor-element elementor-element-6f1346e\" data-id=\"6f1346e\" data-element_type=\"column\">\n\t\t\t<div class=\"elementor-widget-wrap\">\n\t\t\t\t\t\t\t<\/div>\n\t\t<\/div>\n\t\t\t\t\t<\/div>\n\t\t<\/section>\n\t\t\t\t<\/div>\n\t\t","protected":false},"excerpt":{"rendered":"<p>Cookie Policy Informativa estesa Braveberry S.R.L. con sede in Via Guglielmo Saliceto 4, 00161 (Roma), in qualit\u00e0 di titolare del trattamento dei suoi dati personali (di seguito \u201cTitolare\u201d), rilascia la presente informativa nel rispetto della disciplina europea e italiana in materia di protezione dei dati personali, allo scopo di farti conoscere le finalit\u00e0 e le [&hellip;]<\/p>\n","protected":false},"author":3,"featured_media":0,"parent":0,"menu_order":0,"comment_status":"closed","ping_status":"closed","template":"","meta":{"om_disable_all_campaigns":false,"_monsterinsights_skip_tracking":false,"_monsterinsights_sitenote_active":false,"_monsterinsights_sitenote_note":"","_monsterinsights_sitenote_category":0,"footnotes":""},"blocksy_meta":[],"aioseo_notices":[],"featured_image_urls":{"full":"","thumbnail":"","medium":"","medium_large":"","large":"","1536x1536":"","2048x2048":""},"post_excerpt_stackable":"<p>Cookie Policy Informativa estesaBraveberry S.R.L. con sede in Via Guglielmo Saliceto 4, 00161 (Roma), in qualit\u00e0 di titolare del trattamento dei suoi dati personali (di seguito \u201cTitolare\u201d), rilascia la presente informativa nel rispetto della disciplina europea e italiana in materia di protezione dei dati personali, allo scopo di farti conoscere le finalit\u00e0 e le modalit\u00e0 del trattamento dei dati personali che potresti comunicare durante la navigazione nel presente sito web (di seguito \u201cSito\u201d).Si precisa che la presente informativa si riferisce unicamente al Sito e non a siti web di soggetti terzi, eventualmente raggiungibili dall\u2019Utente mediante link in esso presenti.Il Titolare&hellip;<\/p>\n","category_list":"","author_info":{"name":"braveberry","url":"https:\/\/www.braveberry.it\/index.php\/author\/braveberry\/"},"comments_num":"0 commenti","_links":{"self":[{"href":"https:\/\/www.braveberry.it\/index.php\/wp-json\/wp\/v2\/pages\/5809"}],"collection":[{"href":"https:\/\/www.braveberry.it\/index.php\/wp-json\/wp\/v2\/pages"}],"about":[{"href":"https:\/\/www.braveberry.it\/index.php\/wp-json\/wp\/v2\/types\/page"}],"author":[{"embeddable":true,"href":"https:\/\/www.braveberry.it\/index.php\/wp-json\/wp\/v2\/users\/3"}],"replies":[{"embeddable":true,"href":"https:\/\/www.braveberry.it\/index.php\/wp-json\/wp\/v2\/comments?post=5809"}],"version-history":[{"count":56,"href":"https:\/\/www.braveberry.it\/index.php\/wp-json\/wp\/v2\/pages\/5809\/revisions"}],"predecessor-version":[{"id":5933,"href":"https:\/\/www.braveberry.it\/index.php\/wp-json\/wp\/v2\/pages\/5809\/revisions\/5933"}],"wp:attachment":[{"href":"https:\/\/www.braveberry.it\/index.php\/wp-json\/wp\/v2\/media?parent=5809"}],"curies":[{"name":"wp","href":"https:\/\/api.w.org\/{rel}","templated":true}]}}